Calculate the remainder when 265475 is divided by 33184.
3
Calculate the remainder when 441127 is divided by 441110.
17
What is the remainder when 91700 is divided by 64?
52
Calculate the remainder when 91695 is divided by 62.
59
Calculate the remainder when 103743 is divided by 12.
3
Calculate the remainder when 17733 is divided by 9.
3
Calculate the remainder when 71628 is divided by 14.
4
Calculate the remainder when 8706 is divided by 2876.
78
Calculate the remainder when 631 is divided by 190.
61
What is the remainder when 214124 is divided by 12595?
9
Calculate the remainder when 29932 is divided by 9950.
82
What is the remainder when 1902 is divided by 307?
60
Calculate the remainder when 139148 is divided by 162.
152
Calculate the remainder when 25679 is divided by 16.
15
What is the remainder when 76509 is divided by 39?
30
What is the remainder when 1401 is divided by 231?
15
What is the remainder when 46048 is divided by 23019?
10
What is the remainder when 29436 is divided by 9?
6
What is the remainder when 21097 is divided by 577?
325
What is the remainder when 7117 is divided by 15?
7
Calculate the remainder when 2519908 is divided by 1530.
1528
Calculate the remainder when 1189 is divided by 15.
4
Calculate the remainder when 30531 is divided by 7618.
59
Calculate the remainder when 9143 is divided by 708.
647
Calculate the remainder when 60559 is divided by 409.
27
What is the remainder when 100936 is divided by 4?
0
What is the remainder when 42632 is divided by 41?
33
What is the remainder when 3647 is divided by 151?
23
What is the remainder when 11439 is divided by 42?
15
Calculate the remainder when 378445 is divided by 78.
67
Calculate the remainder when 7057 is divided by 1052.
745
Calculate the remainder when 256850 is divided by 493.
490
Calculate the remainder when 14759 is divided by 595.
479
What is the remainder when 67368 is divided by 3207?
21
What is the remainder when 2201 is divided by 57?
35
Calculate the remainder when 1182 is divided by 83.
20
Calculate the remainder when 4005 is divided by 244.
101
What is the remainder when 910370 is divided by 563?
562
Calculate the remainder when 7459 is divided by 350.
109
What is the remainder when 42390 is divided by 17?
9
What is the remainder when 2007 is divided by 182?
5
Calculate the remainder when 497211 is divided by 36.
15
What is the remainder when 7348 is divided by 70?
68
What is the remainder when 8779 is divided by 267?
235
What is the remainder when 78282 is divided by 51?
48
What is the remainder when 14141 is divided by 3521?
57
Calculate the remainder when 675 is divided by 81.
27
What is the remainder when 6566 is divided by 1058?
218
What is the remainder when 87505 is divided by 5466?
49
What is the remainder when 3248 is divided by 3161?
87
What is the remainder when 2868 is divided by 2764?
104
What is the remainder when 27082 is divided by 103?
96
Calculate the remainder when 3570 is divided by 80.
50
Calculate the remainder when 91705 is divided by 194.
137
What is the remainder when 20930 is divided by 381?
356
Calculate the remainder when 6911 is divided by 128.
127
Calculate the remainder when 558613 is divided by 501.
499
What is the remainder when 1838 is divided by 117?
83
Calculate the remainder when 2655 is divided by 81.
63
What is the remainder when 48280 is divided by 125?
30
What is the remainder when 56895 is divided by 1292?
47
Calculate the remainder when 31738 is divided by 269.
265
Calculate the remainder when 168137 is divided by 48.
41
What is the remainder when 434589 is divided by 74?
61
Calculate the remainder when 4866 is divided by 4837.
29
Calculate the remainder when 22537 is divided by 538.
479
What is the remainder when 143924 is divided by 203?
200
Calculate the remainder when 162187 is divided by 50.
37
What is the remainder when 4072 is divided by 716?
492
Calculate the remainder when 58455 is divided by 226.
147
Calculate the remainder when 383325 is divided by 32.
29
What is the remainder when 8442 is divided by 4221?
0
Calculate the remainder when 14759 is divided by 72.
71
What is the remainder when 39974 is divided by 1427?
18
Calculate the remainder when 5241 is divided by 144.
57
Calculate the remainder when 3197 is divided by 3181.
16
Calculate the remainder when 141393 is divided by 53.
42
Calculate the remainder when 6057 is divided by 92.
77
Calculate the remainder when 70846 is divided by 13.
9
What is the remainder when 116573 is divided by 464?
109
Calculate the remainder when 5669 is divided by 808.
13
What is the remainder when 62500 is divided by 32?
4
Calculate the remainder when 69458 is divided by 688.
658
Calculate the remainder when 105658 is divided by 852.
10
Calculate the remainder when 661603 is divided by 386.
385
What is the remainder when 2069 is divided by 298?
281
What is the remainder when 27059 is divided by 2995?
104
Calculate the remainder when 7356 is divided by 369.
345
Calculate the remainder when 36590 is divided by 342.
338
What is the remainder when 3733926 is divided by 17?
12
Calculate the remainder when 36418 is divided by 4552.
2
What is the remainder when 13197 is divided by 30?
27
What is the remainder when 79299 is divided by 25?
24
Calculate the remainder when 265358 is divided by 4350.
8
Calculate the remainder when 220217 is divided by 70.
67
Calculate the remainder when 24907 is divided by 25.
7
Calculate the remainder when 898 is divided by 410.
78
What is the remainder when 724 is divided by 49?
38
Calculate the remainder when 13771 is divided by 551.
547
Calculate the remainder when 83214 is divided by 76.
70
What is the remainder when 24107 is divided by 24?
11
What is the remainder when 43551 is divided by 43458?
93
What is the remainder when 67410 is divided by 274?
6
Calculate the remainder when 938255 is divided by 312749.
8
What is the remainder when 151 is divided by 121?
30
What is the remainder when 594683 is divided by 3498?
23
What is the remainder when 2460 is divided by 14?
10
Calculate the remainder when 4552 is divided by 1265.
757
Calculate the remainder when 21508 is divided by 5371.
24
What is the remainder when 6922 is divided by 861?
34
What is the remainder when 60326 is divided by 30?
26
What is the remainder when 186160 is divided by 32?
16
What is the remainder when 6325 is divided by 632?
5
Calculate the remainder when 4545 is divided by 65.
60
Calculate the remainder when 178780 is divided by 21.
7
Calculate the remainder when 56838 is divided by 18946.
0
What is the remainder when 710990 is divided by 142195?
15
Calculate the remainder when 4610 is divided by 7.
4
What is the remainder when 34505 is divided by 689?
55
Calculate the remainder when 103962 is divided by 240.
42
Calculate the remainder when 4988 is divided by 1616.
140
What is the remainder when 224 is divided by 169?
55
Calculate the remainder when 3841 is divided by 943.
69
What is the remainder when 5073 is divided by 1013?
8
Calculate the remainder when 35391 is divided by 42.
27
What is the remainder when 453417 is divided by 229?
226
What is the remainder when 477461 is divided by 93?
92
What is the remainder when 8273 is divided by 466?
351
What is the remainder when 17872 is divided by 372?
16
What is the remainder when 128988 is divided by 860?
848
Calculate the remainder when 7379 is divided by 490.
29
What is the remainder when 1778 is divided by 427?
70
Calculate the remainder when 18764 is divided by 234.
44
What is the remainder when 17964 is divided by 194?
116
Calculate the remainder when 682 is divided by 669.
13
What is the remainder when 19940 is divided by 17?
16
What is the remainder when 31076 is divided by 153?
17
What is the remainder when 114809 is divided by 267?
266
What is the remainder when 54028 is divided by 10?
8
What is the remainder when 2201 is divided by 1107?
1094
What is the remainder when 256545 is divided by 507?
3
Calculate the remainder when 89099 is divided by 26.
23
Calculate the remainder when 1614 is divided by 747.
120
What is the remainder when 28339 is divided by 161?
3
What is the remainder when 63870 is divided by 899?
41
Calculate the remainder when 4249 is divided by 1287.
388
Calculate the remainder when 3822 is